 + 11. Let p be g(3). Calculate the highest common divisor of p and 16.
2
Suppose -o - 4*o + 165 = 0. Calculate the highest common factor of 22 and o.
11
Let k = -116 - -204. Suppose 1 - 23 = -3*s + a, -5*s + 2*a = -36. Calculate the highest common divisor of s and k.
8
Let v be 2 + 2 + 15 + -2. Let i(q) = 146*q - 3. Let d be i(2). Let w = -153 + d. What is the highest common divisor of w and v?
17
Suppose 4*t + 54 = 6*t. Let i(g) = 27*g**2 - 1. Let u be i(-1). Let r be u/10 - 4/(-10). What is the greatest common divisor of t and r?
3
Suppose 19 = 4*p - 13. What is the greatest common divisor of 12 and p?
4
Suppose -2*o + 5*o = 198. Suppose -s - o = -430. Suppose 95 = 3*y - s. What is the greatest common divisor of y and 17?
17
Let s(y) = y**2 - y + 2. Let d be s(3). Suppose -2*i + i = -d. Calculate the greatest common factor of 56 and i.
8
Suppose 2*y - 2*f - 22 = 0, 6*y + 2*f - 41 = y. Let h be ((-3)/4)/(5/(-420)). Calculate the highest common divisor of h and y.
9
Let r(s) = 4*s**3 + 2*s - 1. Let b be r(1). Let w = 3 - b. Let n(h) = 6*h**2 + h + 2. Let g be n(w). Calculate the greatest common factor of g and 12.
12
Let a be 6/((12/64)/1). Calculate the highest common divisor of a and 48.
16
Let j be (0 + -1)*(1 - 1). Let s = j + 2. Let p be (-33)/s*(-40)/12. Calculate the greatest common factor of 11 and p.
11
Suppose -11*t + 221 = 6*t. Let d(g) = g**2 - g + 26. Let u be d(0). What is the highest common factor of t and u?
13
Let z = 16 + -8. Let h = z + -5. Suppose 0*f = h*f - 9. Calculate the highest common factor of 21 and f.
3
Let r(a) = -6*a - 38. Let l be r(-14). Calculate the greatest common factor of l and 69.
23
Let d(v) be the first derivative of v**4/4 + 2*v**3 - 4*v**2 - 3*v + 6. Let z be d(-6). What is the highest common factor of 15 and z?
15
Let q be 20 - (-1 + 1/2)*0. What is the highest common factor of q and 200?
20
Let o be 0 - (-4)/2 - -9. Calculate the greatest common divisor of 44 and o.
11
Let c = 4 + 2. Calculate the greatest common divisor of c and 54.
6
Let x be (-6)/(-3 + 0 + 1). Let a be (-28)/(-6) - 2/x. Suppose -4*v + 184 = a. What is the highest common divisor of v and 18?
9
Let d = 109 + -57. What is the highest common factor of 13 and d?
13
Suppose 0 = 3*h - 5*x - 65, 3*x + 3 = -0. Calculate the highest common divisor of h and 5.
5
Suppose 0 = -2*r + 2*s + 4, 2*s = -2*r - s - 1. What is the highest common divisor of 1 and r?
1
Let z = -130 - -155. What is the greatest common factor of 125 and z?
25
Let v be (-7)/(-21)*(0 - 12) + 92. What is the greatest common factor of v and 66?
22
Let d be 12 + (3 - 5 - -2). Calculate the greatest common divisor of d and 84.
12
Suppose 0 = -u - 5*u + 60. What is the greatest common factor of 220 and u?
10
Let g = 52 + -36. What is the greatest common divisor of g and 16?
16
Suppose -31 = -2*x - 6*j + j, -4*x = -5*j + 13. What is the highest common divisor of x and 6?
3
Let r(k) = k**2 - 9*k + 11. Let j be r(10). Let x = -15 + j. Calculate the greatest common factor of 2 and x.
2
Suppose 8*o - 540 - 68 = 0. What is the highest common divisor of o and 19?
19
Let t(z) = -z**3 + 7*z**2 - 2*z - 4. Let v be t(3). What is the greatest common factor of 13 and v?
13
Let l be (-22 - -2)*9/(-9). Suppose 3*n = t - 18, -3*t + 2*n = 3*n - 94. Calculate the highest common factor of t and l.
10
Let p(x) be the third derivative of 3*x**4/4 - x**3 - x**2. Let v be p(3). Calculate the highest common factor of v and 6.
6
Let c = -6 - -21. Calculate the greatest common factor of 3 and c.
3
Let o(f) = 2 + 5*f + 0*f + 2*f - 4*f. Let b be o(3). What is the highest common factor of b and 55?
11
Let o be ((-84)/(-9))/((-4)/(-108)). What is the greatest common divisor of o and 28?
28
Let c be 6/4*(-62)/(-3). Suppose -c + 13 = -2*a. What is the greatest common factor of a and 18?
9
Suppose 2*j = -0*j + 3*x - 16, 4*x - 23 = 3*j. Let q = j - -1. Let m be 1/(-4) - 97/q. What is the highest common divisor of 12 and m?
12
Let q(z) = -z**3 + 8*z**2 + 10*z - 12. Let r be q(9). Let j(y) = -3*y**3 - y**2 - 2*y + 2. Let h be j(r). Calculate the greatest common factor of h and 32.
16
Let j = -161 + 173. What is the greatest common divisor of 36 and j?
12
Let i be 2248/14 - ((-72)/(-42))/3. What is the highest common divisor of i and 20?
20
Let h be (9/(-7) + 3)/(5/35). Calculate the highest common divisor of 3 and h.
3
Let w be -4 - (1 - (2 - 0)). Let q = w - -7. Let t be 7 - -4*(-2)/q. What is the highest common factor of 5 and t?
5
Suppose -17*n + 21*n = 8. Suppose -35 = -r + j, -n*r - 5*j - 103 = -5*r. What is the greatest common divisor of r and 18?
18
Let n = 3 + -1. Suppose 2*m - 2*s - 23 = -1, -m = n*s - 14. What is the highest common divisor of m and 18?
6
Let r(z) = -z + 11. Let c be r(9). Suppose 2 = c*m - 4*i, 0*m = 4*m + 4*i - 16. Suppose -j - m*j = -32. What is the highest common factor of j and 32?
8
Suppose w - 5*t = -0*w + 201, 2*w - 350 = -3*t. Let o = w + -129. Let n = o + 4. What is the greatest common factor of 8 and n?
8
Suppose 2*q - 2*z = -0*z + 268, -4*q - 4*z + 520 = 0. Let k be (-2)/6 - (-155)/15. Let u be (-16)/k*(-60)/8. Calculate the highest common divisor of u and q.
12
Let o = -20 - -14. Let u = 19 - o. Calculate the greatest common divisor of u and 10.
5
Suppose 0 = -2*h + 5*h - 12. Let d(s) = -s**2 + 4*s + 13. Let f be d(6). Let l = h - f. Calculate the highest common divisor of l and 2.
1
Let h(i) = 9*i**2 + 4*i - 3. Let f be h(3). Let w(v) = v + 18. Let r be w(0). What is the greatest common divisor of f and r?
18
Suppose 8*l - 47 = 17. Calculate the greatest common divisor of l and 24.
8
Suppose -d - 2*b = -6*d, -31 = -3*d - 5*b. Let s = d - 1. What is the highest common divisor of s and 1?
1
Suppose 0 = -0*o - 2*o + 4. Let v be -3 - (3 - o)*-6. Calculate the greatest common divisor of 24 and v.
3
Let j(u) = u**2 + u + 4. Let c be j(-4). What is the greatest common divisor of c and 64?
16
Let p be (-6)/(-12)*(-2 - -2). Let f(d) = -d + 12. Let z be f(p). Let u be (-3)/((-1*2)/72). Calculate the greatest common factor of u and z.
12
Suppose q + 1 - 4 = 0. Suppose -q*s + 2 = -s, x - 3*s = 11. Let p(o) = 3*o**2 - 2*o + 2. Let g be p(4). Calculate the highest common factor of g and x.
14
Let q = 10 - 10. Let o be 229 + (q/3 - -2). Calculate the greatest common factor of o and 21.
21
Let s = 21 - 10. Calculate the highest common factor of 22 and s.
11
Let o be (28/6)/(2/(-6)). Let p = 24 + o. Let k be 878/p - (-1)/5. Calculate the greatest common factor of k and 11.
11
Let v(z) = -z**3 + 6*z**2 - 6*z + 1. Suppose 4*l - 7 = 3*l. Suppose l*y - 2*y - 20 = 0. Let t be v(y). What is the greatest common factor of 99 and t?
9
Suppose 55 - 211 = -2*z. Let t = z + -27. What is the highest common factor of t and 34?
17
Let q = 5 - 10. Let p be (-32)/q - 4/10. What is the highest common divisor of 42 and p?
6
Let c be (4/(-10))/(7/(-105)). Calculate the greatest common factor of c and 12.
6
Suppose 2*m = 3*z + 6, -z + 3*z - 15 = -5*m. Let d be (z - -2)*19/1. What is the highest common divisor of 57 and d?
19
Let j(k) = -k**3 - 6*k**2 + 4*k - 5. Let f be j(-7). Let g(z) = 2*z**2 + 12*z - 8. Let l be g(-8). Calculate the greatest common factor of f and l.
8
Let f(k) = -k**2 + 4*k + 3. Let n be f(5). Let c be 3/((-2*1)/n). Suppose c*h = -5*v + 58, v - 4*h - 30 = -0*h. What is the greatest common divisor of v and 56?
14
Let g be 11*(-3 - 0 - -4). Calculate the highest common factor of 99 and g.
11
Let c = -175 - -391. What is the highest common factor of 27 and c?
27
Let b be 11 + (-3)/3*2. Let p be (-3)/(b/70)*-3. Suppose 0 = 5*t - 5*u - p, -6*t + 2*t + 74 = 2*u. Calculate the highest common divisor of 17 and t.
17
Suppose 0 = w - 6*w + 5. Let y be w - ((0 - 1) + -25). Let h be (18/4)/(3/12). What is the highest common divisor of y and h?
9
Suppose 2*b = 12 + 36. Calculate the greatest common factor of 264 and b.
24
Suppose -j - 14 - 28 = 0. Let n be j/(-4) + (-2)/(-4). Let k = -4 + 15. Calculate the highest common factor of k and n.
11
Let i(y) = -4*y + 6*y - 2 + 8*y. Let b be i(2). Calculate the highest common factor of 54 and b.
18
Let b = 17 + 27. Calculate the greatest common factor of 66 and b.
22
Suppose -3*d + 25 = -83. What is the greatest common divisor of 90 and d?
18
Let q = 29 -